, 4*w - 3*p = -p - 2. Let k(g) = -g + 4. Calculate k(w).
4
Let l(r) = -r - 7. Suppose 0 = -2*f + 21 - 11. Give l(f).
-12
Let a be (0 - -2)*15/10. Suppose 2*s - 43 = a*r, -2*r = -3*s + r + 63. Suppose 0 = -4*h - 0*h - s. Let t(x) = x + 7. Give t(h).
2
Let j(c) = -c**3 + 9 + 20*c**2 - 45*c**2 + 17*c**2. Calculate j(-8).
9
Let u(a) be the second derivative of a**5/20 + a**3/6 + a**2 + 9*a. What is u(0)?
2
Let f(p) be the third derivative of p**6/120 - p**5/20 - p**4/4 + p**3 - 6*p**2. What is f(4)?
-2
Suppose -2*i + 2 = 2*g, 5*i + 13 + 10 = 2*g. Suppose -u = -2*p + 8, u + 20 = 5*p + g*u. Suppose l + p = -1. Let q(s) = -s**3 - 6*s**2 - 4*s + 5. Determine q(l).
0
Let h(a) = a + 2. Let x(f) = f**2 - 9*f + 8. Let i be x(7). Let l be -4*((-3)/i - 1). Suppose 3*o + l*o + 15 = 0. Calculate h(o).
-1
Let q(i) = -i**3 + 12*i**2 + i - 6. Let h(j) = j**3 - 11*j**2 - 2*j + 5. Let x(u) = 6*h(u) + 5*q(u). Calculate x(7).
0
Let n(m) be the second derivative of m**5/4 + m**4/6 - m**3/3 + m**2/2 - 6*m. Give n(1).
6
Suppose -10 - 230 = -5*b. Suppose s + 2*s = b. Suppose f = -3*f - s. Let y(c) = c**3 + 3*c**2 - 2*c + 2. Give y(f).
-6
Let w(g) = -5*g**2 + 5*g - 1. Let s(i) = -11*i**2 + 11*i - 2. Let p(o) = 3*o - 9. Let a be p(6). Let f(l) = a*w(l) - 4*s(l). Give f(2).
-3
Suppose 0 = -3*x + 2*x - 2. Let a(p) = -3*p**2 - 2*p + 2. Calculate a(x).
-6
Let z(g) = 2*g**2 - 3*g + 1. Suppose 4*q - 5*p = 3, -4*q - 2*p - 5 = 13. Determine z(q).
28
Suppose 0 = 2*h + 5*p - 21, -2*h - 3*h - 2*p = -21. Let o(l) = -4*l - 2 + 2*l + 6. Calculate o(h).
-2
Let g = -12 - -15. Let z(m) be the third derivative of 1/6*m**g + 0*m + 1/12*m**5 + 2*m**2 + 0 - 1/12*m**4. Give z(1).
4
Let d(x) = -x**3 + 6*x**2 + x - 4. Let n be d(5). Let f be 4/(-6) - n/6. Let u(w) = -3 - 2 + w**2 + 3*w - 4*w + 6*w. Determine u(f).
-5
Suppose 6*d - 5*d = 38. Let p(q) = -3 - 39*q + 0 + d*q. Determine p(-5).
2
Let g(k) = -7*k**3 - 9*k**2 - 10*k + 19. Let o(z) = -4*z**3 + 12*z**2 - 5*z - 16*z**2 + 8 + 1 + 1. Let j(v) = -3*g(v) + 5*o(v). What is j(-6)?
-1
Let o(z) = 4*z + 1. Suppose -4*n + 3*n = 1. Determine o(n).
-3
Let x(d) = -d + 4. Let o(s) = -2*s - 8. Let r be o(-6). Let k be x(r). Let v(a) be the third derivative of a**5/60 - a**4/24 - a**3 - a**2. Determine v(k).
-6
Let d(g) be the third derivative of g**4/24 + 5*g**3/6 + 11*g**2. What is d(0)?
5
Let h(j) be the second derivative of -j**7/840 - j**5/120 - j**4/24 - j**3/3 + j. Let s(c) be the second derivative of h(c). Let w = -34 + 32. Give s(w).
9
Let g(a) = a**2 + 8. Let c be 6/(0 - 2)*1. Let f(n) = n**2 - 3*n - 3. Let v be f(3). Let y = c - v. What is g(y)?
8
Let g(a) = -a - 1. Let k(l) = -l - 5. Let s be k(-9). What is g(s)?
-5
Let l(g) be the second derivative of -g**4/12 + g**3/2 + 6*g. Calculate l(4).
-4
Let y(p) = -4*p - 2 - 3 + 3. Suppose -4*l + 50 = -3*t + 24, 4*t + 4*l = 12. Give y(t).
6
Suppose q = 3*q. Let p = q + -5. Let n(f) = 2*f - 3. Calculate n(p).
-13
Suppose -3*k + 5 = -v, -4*k = -0*v + 4*v + 20. Let f(x) = x + 0*x**3 - x**3 + 5*x**2 + k*x**2 - 7. Suppose 5*b + 3*y - 31 = 0, 2*y + 0 - 4 = 0. Give f(b).
-2
Let s(r) be the first derivative of -r**4/4 - 4*r**3/3 + 3*r**2 + 3*r - 19. Determine s(-5).
-2
Suppose -3*c + l = -7, 0*c - 2*c + 3*l = 0. Suppose 2*i = -c*i + 5. Let r(m) = 6*m. What is r(i)?
6
Let b(y) be the first derivative of y**2 - 8. Calculate b(3).
6
Let d(p) = 1 + 0 - 3*p + 0*p. Let g = -6 + 9. Suppose 3*l = 5*j + 7, g*j - 5*l = 2*j - 19. Give d(j).
-2
Let q(l) be the second derivative of -l**4/12 - 2*l**3/3 - 2*l**2 - l. Suppose 122 - 137 = 5*z. Give q(z).
-1
Suppose -2*j = 2*j. Let l(z) = -7*z**3 - 11*z**2 + 7*z + 17. Let u(a) = 3*a**3 + 5*a**2 - 3*a - 8. Let b(m) = 4*l(m) + 9*u(m). Give b(j).
-4
Let n(a) be the first derivative of a**4/12 - 2*a**3/3 - 9*a**2/2 - 9. Let i(x) be the second derivative of n(x). Give i(3).
2
Let j(w) = -w**3 + 5*w**2 + 7*w + 1. Suppose f - 7 + 5 = 0. Let y = 4 + f. Determine j(y).
7
Let q(b) be the third derivative of -1/10*b**5 + 0*b**3 + 1/24*b**4 + 0 + 2*b**2 + 0*b. What is q(-1)?
-7
Let u(h) = h + 4. Let k(d) = 4*d**3 + 2*d**2. Let p(n) = 7*n**3 + 5*n**2 + n - 1. Let i(a) = 5*k(a) - 3*p(a). Let s be i(-3). What is u(s)?
-2
Let j(b) = b**2 - 4*b - 3. Let o be (4 + -8)/4*-5. What is j(o)?
2
Let u(s) = -s**3 + 7*s**2 - 6*s + 6. Let v be u(6). Suppose 0 = -g + v*g - 5. Let p(w) = -w + 1. Give p(g).
0
Suppose 0 = u - 0*u. Let a(p) = p**2 - 2 + u - 2 + p**3. Let b(w) = -w**2 - 5*w. Let r be b(-5). Calculate a(r).
-4
Suppose 0 = 4*q - 19 + 3. Let x(c) = q*c**3 + 5*c**2 - 4*c - 3*c**3 + 2*c - 5 - c. Calculate x(-5).
10
Let l(a) be the second derivative of -a**3/3 + 11*a**2/2 - 38*a. Give l(5).
1
Let r(i) = -i**3 - 6*i**2 - 5*i + 5. Suppose 2*q - 3*q - 1 = 0. Let l be (-3 + 8)*(-5)/q. Suppose 4*d - 5*m = 7*d - 10, -3*m = -2*d - l. Determine r(d).
5
Let j(m) = 4*m + 7. Let a(u) = 5*u + 8. Let y(b) = -5*a(b) + 6*j(b). Determine y(4).
-2
Let d(t) be the first derivative of -3/2*t**2 + 1/3*t**3 + t + 1. Let l = 4 - 0. What is d(l)?
5
Let t(d) be the second derivative of -d**3/6 + d**2 - d. Determine t(2).
0
Let c(p) = p + p**2 + 4*p - 1 - 3*p**3 + 5*p**2 + 2*p**3. Determine c(7).
-15
Let u(r) = r**3 + 8*r**2 + 9*r + 9. Suppose 5*i + 35 = -0. Calculate u(i).
-5
Suppose -x - 2 + 4 = 0. Let j(q) be the second derivative of -q**5/20 + q**4/3 - 2*q**3/3 + q**2 - 2*q. Determine j(x).
2
Let l(d) = 261*d - 1 - 524*d + 261*d + 4*d**2. What is l(-1)?
5
Let v(r) = -3*r. Let a be (5/(-3))/(1/(-3)). Let f(b) = b**2 + b - 2. Let i be f(-2). Suppose i = -3*m - a + 8. Calculate v(m).
-3
Suppose t + 24 = -4*u - 3*t, -4*u + 4*t = 0. Let y be (-2)/(-6) + (-2)/u. Let v(i) be the second derivative of 11*i**3/6 - i**2/2 - 11*i. What is v(y)?
10
Let l = 2 - -3. Let c(v) = -v**3 + 4*v**2 + 5*v - 2. Let y be c(l). Let d(s) = 3*s + 3. Let x(o) = -o - 1. Let m(t) = -d(t) - 4*x(t). Calculate m(y).
-1
Let t(x) be the third derivative of x**4/12 - x**3/6 + 2*x**2. Let z be (-10)/3 - (-6)/(-9). Let m = z - -1. Give t(m).
-7
Let j = 8 + -4. Suppose -4*s + 11 = 6*t - 3*t, -5*s + j*t = -37. Suppose 15 = -0*a + s*a. Let n(k) = 4*k - 3. Give n(a).
9
Suppose 4*n = -16, 3*n = -3*r + 6*r - 21. Suppose 5*b - 3*c - 29 = -2*c, -r*b = c - 11. Let f(s) = -s**2 + 4*s + 3. Determine f(b).
-2
Let y(b) = 16*b**2 + 3. Let l(z) = 5*z**2 + 1. Let m(t) = 7*l(t) - 2*y(t). What is m(-1)?
4
Let c(p) be the third derivative of 1/120*p**6 - 1/30*p**5 - 3*p**2 + 0*p - 1/3*p**3 + 0 + 1/6*p**4. Let i = -2 + 4. Determine c(i).
6
Let d = -16 - -8. Let i(w) = 3*w**2 - 7*w + 3. Let p(v) = 2*v**2 - 5*v + 2. Let h(s) = d*p(s) + 5*i(s). Determine h(2).
5
Suppose c - 3*c = -3*n + 12, -n + 3*c = -4. Suppose n*z + 4*d - 24 = 0, 5*z = 2*z + d - 2. Let u(r) = 2*r. Calculate u(z).
2
Let s(y) = -4*y + 13. Let a(o) = 7*o - 25. Let w(d) = -3*a(d) - 5*s(d). What is w(5)?
5
Let m be 2/5 + 161/35. Suppose -11 = -5*a - p, 0 = m*a - a + 4*p - 12. Let t(s) = 3 - a*s + 1 + s. Determine t(6).
-2
Let a(p) be the second derivative of p**5/20 + p**4/2 - 7*p**3/6 + p**2 - 2*p. What is a(-7)?
2
Let h(n) = n**2 + 4*n + 5. Suppose -2*d - d + 2*f = 15, -4*f = -4*d - 20. What is h(d)?
10
Let n(v) = 19*v**2 - 1. Let k be n(-1). Suppose -4*z + k = -5*b, -z = -0*z + 5*b + 8. Let f(u) = -4*u + 2. Calculate f(z).
-6
Let t be (-4)/18 + (-58)/(-18). Suppose u = 5 - t. Let m(i) = 2 - 4*i + 0 - 4*i**u + 3*i - i. What is m(-2)?
-10
Let f(c) be the third derivative of 1/24*c**4 + 0 + 1/6*c**3 - c**2 + 0*c. Determine f(4).
5
Suppose 0 = -3*n + 7*n. Let l(z) = z**2 - 3*z + 3. Let q be l(2). Let p(x) = x**2 + x**3 + 3*x**2 + q - 3*x**2. Give p(n).
1
Let f(k) = 18*k - 19*k**2 - 7*k - 12*k - 1. Calculate f(-1).
-19
Let y(f) = -9*f + 12. Let o(n) = -4*n + 6. Let t(i) = 5*o(i) - 2*y(i). Suppose 9 = z - 4*z. Let v(p) = 3*p - 11. Let x(c) = z*v(c) - 5*t(c). Give x(3).
6
Let f(t) = -52 + 52 + 2*t. Determine f(-4).
-8
Let s(r) = -10*r - 3 + 16*r**2 - 29*r**2 + 14*r**2. Calculate s(10).
-3
Suppose -4*o = 3*n + 197, -2*n = -4*n + o - 124. Let v be n/(-13) + (-4)/(-26). Let p(g) be the second derivative of g**3/6 - 3*g**2 + g. Calculate p(v).
-1
Let f = 163 - 164. Let o(a) = 6*a + 1. Calculate o(f).
-5
Let w(g) be the third derivative of -g**4/24 - 2*g**3/3 + 2*g**2. Give w(-7).
3
Let f(p) = p**3 - 4*p**2 - 3. Suppos